2) + -9)?
-67
What is the value of -120 + 77 + -8 + -97?
-148
((-5 - -8) + -22 - 10) + 0 + -2 + 9
-22
Calculate (12 - 81) + 4 - (5 + (-28 - -19)).
-61
Calculate 3 + -2 + 38 - (-95 + 34 + 46).
54
Evaluate -12 + (13 - 7) + (1 - -3) + -11 + -2.
-15
Calculate (-91 - -101) + (-55 - 0) + 2 + -15.
-58
Calculate -13 - 0 - (-14 + 4).
-3
-55 + -5 - (0 - (-1 + 4 + 8))
-49
What is -87 - (55 - (104 - -6))?
-32
(24 - 83) + 29 + -13
-43
Calculate 260 - 241 - (26 + -15 + 10).
-2
0 - 1 - 8 - (-13 - -69 - 84)
19
What is (21556 - 21458) + (-55 - 2)?
41
Calculate 2626 + -2641 - (18 + 0).
-33
65 + (-70 - -2) - (-8 - (3 + -2 - 0))
6
-12 + (4 - (2 + 11)) + 3 + 2
-16
108 + -115 - (-14 - (-18 + 9))
-2
0 - 2 - 5 - (-9 - (-20 + -9))
-27
What is the value of -15 + (7 - (16 - ((-2 - -153 - -1) + 10)))?
138
What is the value of -22 + 63 - (22 - (0 - 2))?
17
(-14 + 6 - -55) + -78 + 73
42
What is the value of -67 + (-5 - -1) - (5 + (-5 - 1))?
-70
-6 + (-8 - -14) + (50 - -9)
59
Evaluate 6 - (-1 - -21 - 6).
-8
Calculate (-17 - (-80 - -10)) + (-1 - -3).
55
What is -4 + -5 - (-87 - (-6 + 1 + -2 + -7))?
64
16 + (8 - 13 - -8 - 5) + -15
-1
What is 1745 + -1726 - (-5 - (-4 + 1))?
21
What is -84 + -41 + 68 - (-4 - 20)?
-33
What is the value of (19 - -56 - 57) + (8 - 66)?
-40
Evaluate -931 + 908 + -1 + 11 - (1 - 72).
58
Calculate -2 - -53 - (-2451 + 2557).
-55
Evaluate 13 + 75 + -25 + (1 + 4 - 6).
62
What is the value of (12 - 0) + -4916 + 4920?
16
What is the value of 31 + -71 + -29 + 10?
-59
What is the value of -7 + (-2 - (10 - 12)) - (10 - 51)?
34
Calculate -7 + 0 + 0 + (117 - 74 - 8).
28
Evaluate -8 + ((9 - 12) + 2 - -12) + 9.
12
Evaluate 17 + -28 + -10 - (1 - 63).
41
Evaluate 0 - 5 - (-566 - -583 - (-1 - -20)) - 47.
-50
Evaluate (-52 - (26 + -78)) + -2.
-2
Calculate -5 + -24 + (-21 - -23 - 7).
-34
Evaluate 14 + (-1 - -19 - (68 + 3 + -74)).
35
What is the value of 1 - -34 - (-23096 + 23101)?
30
What is -50 + -314 + 337 + (0 - 15)?
-42
Calculate (89 - (-29 - -59)) + (-1 - 20) + -3.
35
Calculate (4 - -3) + (65 - 78) + 4 + 45.
43
What is (15 - 13 - (4 - -14)) + -9 + 89?
64
What is 87 + (11 - (20 + (9 + (-15 - -1) - 3)))?
86
What is -1778 + 1906 - ((0 - -4) + 27)?
97
937 + -923 - (-2 - -55)
-39
Evaluate 2 + 2 - (19 + -100 + 4 - -17).
64
Evaluate (-10 - -70) + 5 + -4.
61
(4 - (-14 - 7)) + (-10 - 1) - -4
18
Calculate -22 + 19 + 23 + -5 - 67.
-52
What is -927 + 1026 - ((-6 - -5) + 22)?
78
What is -74 + (408 - 420 - (-4 - (-1 + (-5 - -9))))?
-79
Calculate 35 + (65 + -8 - 74).
18
Evaluate 9 - 26 - ((-12 - 3) + 1).
-3
(-8 - (109 + 2 + 13)) + -17 + 30 + -4
-123
Calculate (8 - -9) + (-190 - -171).
-2
Calculate 57 + -94 - -49 - (-3 - -79).
-64
Calculate 8 + (3 - ((-3 - (-7 - -3)) + 6)).
4
What is the value of 36 + 4 - (-16 - (19 - 58) - 4)?
21
What is the value of 4 + (0 - 26) + -1 + 212 + -198?
-9
What is 124 + -82 + (78 - 192)?
-72
25 + -21 - (6 + -14 + -18)
30
7 - (-1 + -2) - (-20 - (-1 - -5)) - -7
41
(-34 - (39 + -19)) + 30
-24
Calculate (21 - (20 + 5)) + 4 - (-1 - 42).
43
What is 0 - 52 - (-126 - -113)?
-39
What is the value of 40 + 13 + 89 + -66?
76
Evaluate -96 + -2 + (-1019 - -1154).
37
Evaluate (0 + -10 - (-138 + 116)) + -2 + -8 + 20.
22
What is the value of (62 - -2) + (91 - 100) + -23?
32
(31 + -23 - 4) + 143 - (17 + 1)
129
-6 + 13 + (-4 - (7 + -18 + 12))
2
Calculate (-35 - -28 - 22) + 26 + 13.
10
Calculate 91 + (9 - 57) - -21.
64
-4 + -7 + 19 + -12 - (-26 - 12)
34
What is the value of 213 - (-96 - -172 - -25)?
112
Calculate 9 - (-6 + (43 - (2 - 14))).
-40
What is the value of (4 + (-1 - -6) - (-62 + 70)) + (-12 - -3)?
-8
Calculate 0 - -19 - (33 + (-9 - (2 - -17))).
14
20 - ((8 + -17 - -33) + -14 - (8 + 1))
19
What is the value of 4 - 1 - (23 + -16 + 14 + -15)?
-3
What is the value of -61 + (56 - (-31 - -67))?
-41
Calculate (8 - (-6 + 46)) + -1 + (2 - (-6 + 4)).
-29
Calculate -25 + 16 + (25 - 52) - -16 - -73.
53
Calculate 38 - ((252 - 255) + -1 + 6).
36
What is the value of -181 - -136 - (-87 - (-32 - -14))?
24
What is the value of (-10 - -7) + (-1 - -1) - 90 - (7665 + -7658)?
-100
What is the value of (1139 - 1151) + (-4 - -3) + -16 + 0?
-29
Evaluate 4 - (-99 + 54 + 34).
15
Calculate -63 - -48 - -12 - (-38 + -4).
39
1 - (-68 - 7) - (-397 + 401)
72
9 + (1 + 13 - -9) + 13
45
-6 - (86 + -147) - 40
15
98 + (-19 - -5 - (45 - 31))
70
2289 + -2338 - (1 - 21)
-29
Calculate (13 - -4) + (-25 - -18 - (-94 + -13)).
117
Calculate 127 - (16 + -13) - 8 - (-4 - (8 - 13)).
115
Evaluate (0 + 38 - 51) + -8.
-21
Evaluate 46 + -2 - (2389 + -2321).
-24
Evaluate (1 - 2) + -15 + (-258 - -266).
-8
Calculate (129 - 119) + (-53 - 2).
-45
What is 164 + -153 - ((20 - 1) + -4)?
-4
Calculate (4 - 6) + -1 + -11 - (7 - 93).
72
What is the value of 77 + (-4 - -79 - (-6 + 49))?
109
165 + (-54 - 64) + 43
90
What is the value of (-25 - (-1 - 15)) + -34?
-43
What is the value of 2 + -9 + (-51 - -77 - 3)?
16
-20 - (-41 - (-40 + 9 + 13))
3
What is (244 - -10 - 216) + (-1 - -30)?
67
Evaluate -12 - (14 + (-6 - 10) + -1) - -57.
48
Evaluate (-151 - -239) + 59 + -206.
-59
98 - (-7 + -2) - (39 - (-11 - -49))
106
Calculate 60 + (-2 - 1) + 134 + 62 + -209.
44
(-5 + -7 - -6) + 0 + (-24 - 0)
-30
Calculate -452 + 440 - (4 + -2 - -19).
-33
What is the value of (-5 - 0 - -119) + -30 + -60 + 71?
95
What is 1 - ((522 - 482) + (1 + -1 - -4))?
-43
Calculate -1 - -20 - (4 + -38 - -103).
-50
What is the value of 28 - (8 + 21) - (9 + (7 - 2))?
-15
Evaluate -230 - (-103 - (75 + -63)).
-115
-10 - ((-8 + 9 - (12 + 0)) + (-38 - -47))
-8
What is the value of 89 - (112 + -118 + 57)?
38
What is -9 + -28 + 8 - -1 - 10?
-38
What is (219 - (40 - -42)) + -60?
77
Evaluate -29 - (-32 + (0 - -2 - -19)).
-18
Evaluate 109 - -82 - 11 - 90.
90
Evaluate ((-42 - -22) + 16 - (1 - -3)) + 10 + -77.
-75
What is the value of 44 + -73 + 1 + 14 - -100 - (-1 - -5)?
82
What is (-11 + 2 - -12 - 30) + -17 + 5?
-39
What is the value of (-19 - ((-83 - -8) + 18)) + -5?
33
Evaluate 2 - (25 + (-9 - 2) + -6 + 11).
-17
Calculate 45 + (-4 - 3) + (-8 - (2 + -12)) + 1.
41
-9 + 10 + -16 + 18 + 7 + 0
10
1091 - 1015 - (1 + 44)
31
Calculate -2 - (-1 + 5 + (-21 - -5) + 7 - 2).
5
What is the value of -57 + (-103 - (127 + -236))?
-51
What is the value of (-33 - -76 - 37) + (99 - (7 + -3))?
101
What is the value of -21 + -30 + 17 - -86?
52
What is the value of (1 - -10) + (234 - 215) - 12?
18
What is the value of 5 + -3 + -13 + 61 + -25?
25
Calculate 20 + 12 + -24 + (80 + (3 - 4) - 2).
85
Calculate -126 - -86 - ((5 - 13) + 1 + 19).
-52
11 + -3 + -99 + (2 - -1) + (3 - 14)
-99
Calculate -3114 + 3163 + (1 - 30) - (-1 + -17).
38
-74 - (-208 - 0 - -85)
49
What is the value of (44 + -2 + 1 - 2) + 96 + -12 + -78?
47
What is the value of -181 + 60 - (-107 + -51)?
37
Calculate (105 + -160 - -34) + 40.
19
-11 + 49 + (5 - -10 - (25 + -19) - 15)
32
(-2 - (2 + -2) - (-4 + 4)) + 174 + -154
18
What is -63 - (-89 - (-57 - 42))?
-73
Calculate -53 + (36 - 4) - 12.
-33
What is 90 + -63 + -150 + 126?
3
What is 39 - (-19 + 10 + 85)?
-37
-2419 + 2449 + -3 + 12 + 0
39
What is the value of -18 - (-16 + -5 - -3 - (1 - 14))?
-13
(5 - 11) + 47 + 0 + (-8 - -20)
53
Calculate 4 + ((2 - 15) + -21 - -15).
-15
-88 - (-20 - (-2 + 11 - 9))
-68
What is 2 + (-1 - -1) + (1 - 3) - (135 - 139)?
4
What is the value of 9 - (11 + (-5 - -1) + -16 + 21)?
-3
-34 + (0 - (38 + -48))
-24
What is the value of -4 + (-4 + -1 - (-1 - 6)) - (107 + -65)?
-44
Evaluate -60 + 208 - (18 + -11 + 15).
126
Calculate (-16 - (-9 + (-25 - (-17 - -4)))) + (2 - -72).
79
What is the value of -20 + 12 + -14 + -30 - (-1 + 0)?
-51
(-37 + 13 - -88) + -102
-38
What is the value of 51 + -13 + (45 - 30)?
53
(2 + -17 + -11 - -13) + 20 - 25
-18
Evaluate 92 + (41 - 18) + 3 + -34.
84
Calculate -31 + (296 - 129) - (-12 - 0).
148
Calculate 3 + 2 + (-7 - 17) + 18 + 5 + 2.
6
What is 0 - 11 - (685 + -745)?
49
What is -2 + -47 + 163 + -43?
71
147 + -12 + (9 - 12) + 10 + -5 + -15
122
Evaluate (-7 - (-12 - 9)) + -27 - -19.
6
What is -25 - (3 + -20 + (-4 - -21)) - (-2 + 10)?
-33
What is 33 + 4 - (1875 + -1949)?
111
Evaluate 1 - 1 - (52 + 0 - (14 + 6)).
-32
Calculate -16 - (-2 + -10 - (-9 - -57)).
44
What is the value of (-22 - (-48 + 105)) + 55?
-24
(40 - 68) + 30 + 39
41
-1 + (21 - 9) + -8 + -11 - (-2 + -45)
39
(-5 + -1 - (1059 + -1065)) + 49
49
Evaluate -59 - (65 - (